6813469 prime?
True
Is 3301294223 a prime number?
False
Is 1150764973 a composite number?
False
Is 2242723697 a prime number?
True
Is 100876927 prime?
True
Is 27486194353 composite?
False
Is 215699418619 a composite number?
True
Is 268449361 prime?
True
Is 37122480809 a prime number?
True
Is 2358089471 a composite number?
True
Is 487945607 composite?
True
Is 52036837591 prime?
False
Is 2717647733 prime?
False
Is 59540601787 composite?
False
Is 28224044813 prime?
True
Is 201741539 a composite number?
False
Is 8574128711 a prime number?
False
Is 604355777 a prime number?
False
Is 632579213 prime?
False
Is 570560651 a prime number?
False
Is 58739540147 prime?
False
Is 1426274189 prime?
True
Is 2318053801 a prime number?
False
Is 10787794241 a prime number?
False
Is 3347767399 a prime number?
True
Is 30743773153 prime?
True
Is 258422945399 a composite number?
False
Is 106839744307 a prime number?
False
Is 3400851943 composite?
False
Is 537262967 prime?
True
Is 4971795157 a composite number?
True
Is 4374169469 prime?
True
Is 3593036501 a composite number?
False
Is 18909631487 composite?
False
Is 774632189 prime?
True
Is 3085044323 a prime number?
True
Is 138532333 a prime number?
False
Is 11019582271 a composite number?
True
Is 149461787771 prime?
True
Is 3623486197 composite?
True
Is 1080518369 composite?
True
Is 142113223 a composite number?
True
Is 35783143883 a prime number?
False
Is 269127269 prime?
False
Is 4823939933 composite?
True
Is 805397249 prime?
False
Is 11270720359 composite?
False
Is 4266529313 composite?
True
Is 130253363 a composite number?
True
Is 16255776089 composite?
True
Is 7440798037 a prime number?
True
Is 318932837 a composite number?
False
Is 448779497 prime?
True
Is 849930463 a composite number?
True
Is 60411341 composite?
False
Is 64295544431 composite?
True
Is 24987001 a composite number?
True
Is 9956230567 a composite number?
True
Is 4109043487 composite?
False
Is 5220746327 a prime number?
True
Is 29960339 composite?
True
Is 26139077255 a composite number?
True
Is 6089221043 composite?
True
Is 4766891593 composite?
False
Is 790588541 a composite number?
False
Is 30659143609 composite?
False
Is 4689004081 a composite number?
True
Is 12045531323 a composite number?
True
Is 283407643 composite?
False
Is 8626729601 a prime number?
False
Is 8760227789 a composite number?
True
Is 5215840013 a composite number?
True
Is 48635273 a composite number?
True
Is 2961258059 a prime number?
False
Is 2858071663 prime?
True
Is 192526073 a composite number?
True
Is 25161576569 a prime number?
True
Is 2721956789 a composite number?
True
Is 4512266197 prime?
False
Is 43531511 prime?
True
Is 2660700407 composite?
False
Is 179482439 a composite number?
False
Is 3589799671 a prime number?
False
Is 401726953 a prime number?
True
Is 399640867 composite?
False
Is 39160846019 prime?
False
Is 35587568759 prime?
False
Is 143859031 prime?
False
Is 664492306 a prime number?
False
Is 9331964053 prime?
True
Is 10555411 a composite number?
True
Is 322725558359 a composite number?
False
Is 2205557555 a composite number?
True
Is 226467634 prime?
False
Is 633048139 a prime number?
True
Is 824914859 a composite number?
False
Is 458340413 a prime number?
False
Is 1796376037 a prime number?
False
Is 13933795363 a composite number?
True
Is 14814062233 a composite number?
True
Is 206520385 composite?
True
Is 8273591897 prime?
True
Is 42414786257 a prime number?
True
Is 13344900299 composite?
True
Is 846834041 a prime number?
False
Is 14434631 a composite number?
True
Is 11482921033 composite?
True
Is 5259141278 composite?
True
Is 1684453751 a prime number?
False
Is 667546801 prime?
True
Is 527234777 prime?
True
Is 38402088017 a composite number?
False
Is 1958563843 composite?
False
Is 300380233 composite?
True
Is 86982590851 prime?
False
Is 1078625395 prime?
False
Is 21135317321 prime?
True
Is 25740435367 composite?
False
Is 3565047553 a prime number?
True
Is 410699893 a composite number?
False
Is 5471743919 a prime number?
True
Is 13404035807 a prime number?
True
Is 5193975797 composite?
False
Is 13200143709 prime?
False
Is 13654736737 composite?
True
Is 5442188021 a prime number?
False
Is 2205081698 prime?
False
Is 4699420361 prime?
True
Is 166727001785 a prime number?
False
Is 24174884113 a composite number?
False
Is 668584247 a composite number?
False
Is 478147669 prime?
True
Is 1142342269 prime?
True
Is 790764931 a prime number?
False
Is 4184924611 prime?
False
Is 26856159361 composite?
True
Is 8663175149 prime?
False
Is 1693660102 composite?
True
Is 4393635094 composite?
True
Is 35281474391 a composite number?
True
Is 20166515843 prime?
True
Is 30239850607 composite?
True
Is 19894410329 a composite number?
True
Is 2478657577 composite?
True
Is 10010533103 a prime number?
True
Is 2283902377 a prime number?
True
Is 5387048567 prime?
False
Is 4540933883 composite?
True
Is 7224044749 prime?
True
Is 911144417 prime?
False
Is 131575531 a prime number?
False
Is 5579247833 prime?
False
Is 24579154541 prime?
False
Is 42409087033 a composite number?
False
Is 6836689537 a composite number?
False
Is 81340583 composite?
False
Is 20449182121 composite?
False
Is 2565630043 prime?
False
Is 103642129 a prime number?
True
Is 8259063523 composite?
True
Is 1185664183 a composite number?
True
Is 9018612131 composite?
True
Is 13762469927 a prime number?
False
Is 6461036161 a composite number?
False
Is 27299002249 a prime number?
True
Is 241791989 a composite number?
True
Is 3001603909 prime?
True
Is 1701676939 a prime number?
False
Is 45948273881 composite?
False
Is 549837191 prime?
True
Is 20245944343 prime?
True
Is 5673313 a prime number?
False
Is 1399021187 a prime number?
True
Is 2976186049 composite?
True
Is 16658399291 prime?
False
Is 665228131 a prime number?
True
Is 926704693 composite?
False
Is 17750549087 composite?
True
Is 24895796617 prime?
True
Is 77565425279 prime?
True
Is 793270381 a prime number?
False
Is 7994710519 prime?
False
Is 8058692569 prime?
True
Is 2348514913 a prime number?
False
Is 2760097141 a prime number?
False
Is 364508281 prime?
False
Is 12065206247 a prime number?
True
Is 93801477083 a prime number?
False
Is 17502865231 composite?
False
Is 4660778761 prime?
False
Is 6176243527 prime?
True
Is 7913348305 a prime number?
False
Is 1611858841 composite?
True
Is 163948823 a composite number?
True
Is 8835185651 prime?
False
Is 436061729 a composite number?
True
Is 1198062067 composite?
False
Is 1595935213 a prime number?
False
Is 6606825683 prime?
False
Is 27347116099 a composite number?
False
Is 4063368629 composite?
False
Is 130911748843 a prime number?
True
Is 76332738193 a prime number?
True
Is 1279107769 composite?
True
Is 1386871741 a composite number?
False
Is 232267476989 a prime number?
True
Is 945778559 composite?
True
Is 5481596429 a prime number?
False
Is 1241736779 composite?
True
Is 7600153139 composite?
True
Is 3895974091 a composite number?
False
Is 93191507 prime?
True
Is 14858063107 composite?
False
Is 553703929 composite?
False
Is 35258083529 a composite number?
False
Is 12970476041 composite?
True
Is 16492419943 composite?
False
Is 33982319 prime?
False
Is 4537749127 a composite number?
False
Is 4451457299 composite?
True
Is 3318354931 a prime number?
True
Is 107443429 a composite number?
False
Is 27398926403 composite?
False
Is 9680604781 prime?
True
Is 807514891 composite?
False
Is 6027914843 a composite number?
False
Is 7641802739 composite?
True
Is 15374087 composite?
True
Is 4855534435 a composite number?
True
Is 2197286647 composite?
False
Is 8305953967 prime?
True
Is 1116507593 a prime number?
False
Is 573720893 a prime number?
True
Is 4744315679 a prime number?
False
Is 8779691719 prime?
False
Is 92152614529 a prime number?
False
Is 82815971369 composite?
False
Is 68872009363 a composite number?
True
Is 23752037711 a prime number?
True
Is 2529631646 prime?
False
Is 85030505017 composite?
True
Is 497488619 a composite number?
False
Is 58786910753 composite?
False
Is 4256999147 a composite number?
True
Is 32809865423 prime?
False
Is 343413735829 a composite number?
False
Is 11683769 a prime number?
True
Is 357611729 a composite number?
True
Is 290434829 prime?
False
Is 11803981103 prime?
True
Is 22764349667 prime?
True